{"id":269,"date":"2025-04-19T12:48:20","date_gmt":"2025-04-19T10:48:20","guid":{"rendered":"https:\/\/lenvoldespossibles.com\/?page_id=269"},"modified":"2025-12-14T09:38:21","modified_gmt":"2025-12-14T08:38:21","slug":"reserver","status":"publish","type":"page","link":"https:\/\/lenvoldespossibles.com\/index.php\/reserver\/","title":{"rendered":"R\u00e9server"},"content":{"rendered":"\t\t<div data-elementor-type=\"wp-page\" data-elementor-id=\"269\" class=\"elementor elementor-269\">\n\t\t\t\t<div class=\"elementor-element elementor-element-1d700a0 e-flex e-con-boxed e-con e-parent\" data-id=\"1d700a0\" data-element_type=\"container\" data-e-type=\"container\">\n\t\t\t\t\t<div class=\"e-con-inner\">\n\t\t\t\t<div class=\"elementor-element elementor-element-9a5720c elementor-widget elementor-widget-heading\" data-id=\"9a5720c\" data-element_type=\"widget\" data-e-type=\"widget\" data-widget_type=\"heading.default\">\n\t\t\t\t<div class=\"elementor-widget-container\">\n\t\t\t\t\t<h2 class=\"elementor-heading-title elementor-size-default\">Plateforme de r\u00e9servation<\/h2>\t\t\t\t<\/div>\n\t\t\t\t<\/div>\n\t\t\t\t\t<\/div>\n\t\t\t\t<\/div>\n\t\t<div class=\"elementor-element elementor-element-66b9f32 e-flex e-con-boxed e-con e-parent\" data-id=\"66b9f32\" data-element_type=\"container\" data-e-type=\"container\">\n\t\t\t\t\t<div class=\"e-con-inner\">\n\t\t\t\t<div class=\"elementor-element elementor-element-d5e843c elementor-widget-divider--view-line elementor-widget elementor-widget-divider\" data-id=\"d5e843c\" data-element_type=\"widget\" data-e-type=\"widget\" data-widget_type=\"divider.default\">\n\t\t\t\t<div class=\"elementor-widget-container\">\n\t\t\t\t\t\t\t<div class=\"elementor-divider\">\n\t\t\t<span class=\"elementor-divider-separator\">\n\t\t\t\t\t\t<\/span>\n\t\t<\/div>\n\t\t\t\t\t\t<\/div>\n\t\t\t\t<\/div>\n\t\t\t\t\t<\/div>\n\t\t\t\t<\/div>\n\t\t<div class=\"elementor-element elementor-element-2525b93 e-flex e-con-boxed e-con e-parent\" data-id=\"2525b93\" data-element_type=\"container\" data-e-type=\"container\">\n\t\t\t\t\t<div class=\"e-con-inner\">\n\t\t\t\t<div class=\"elementor-element elementor-element-59a8efe elementor-widget elementor-widget-text-editor\" data-id=\"59a8efe\" data-element_type=\"widget\" data-e-type=\"widget\" data-widget_type=\"text-editor.default\">\n\t\t\t\t<div class=\"elementor-widget-container\">\n\t\t\t\t\t\t\t\t\t<div class=\"elementor-element elementor-element-3053382 e-flex e-con-boxed e-con e-parent e-lazyloaded\" data-id=\"3053382\" data-element_type=\"container\" data-settings=\"{&quot;background_background&quot;:&quot;classic&quot;}\"><div class=\"e-con-inner\"><div class=\"elementor-element elementor-element-720a91b elementor-widget__width-initial elementor-widget elementor-widget-text-editor\" data-id=\"720a91b\" data-element_type=\"widget\" data-widget_type=\"text-editor.default\"><div class=\"elementor-widget-container\"><p><strong>Bienvenue sur notre plateforme de r\u00e9servation ! Information importante \u00e0 lire avant de r\u00e9server !<\/strong><\/p><p data-start=\"456\" data-end=\"513\">\ud83d\udd12 <strong data-start=\"182\" data-end=\"236\">Le cr\u00e9neau est confirm\u00e9 uniquement apr\u00e8s paiement.<\/strong><br data-start=\"236\" data-end=\"239\" \/>Sans r\u00e8glement imm\u00e9diat, il reste disponible et peut \u00eatre r\u00e9serv\u00e9 par un autre parent.<\/p><p data-start=\"643\" data-end=\"682\">\ud83d\udcb3 <strong data-start=\"646\" data-end=\"682\">Pour valider votre r\u00e9servation :<\/strong><\/p><ul data-start=\"683\" data-end=\"762\"><li data-start=\"683\" data-end=\"704\"><p data-start=\"685\" data-end=\"704\">R\u00e9servez le cr\u00e9neau<\/p><\/li><li data-start=\"705\" data-end=\"762\"><p data-start=\"707\" data-end=\"762\">Payez directement via le lien HelloAsso re\u00e7u par e-mail (\ud83d\udce9 Pensez \u00e0 v\u00e9rifier vos <strong data-start=\"1016\" data-end=\"1025\">spams<\/strong> apr\u00e8s la r\u00e9servation.)<\/p><\/li><\/ul><\/div><\/div><\/div><\/div>\t\t\t\t\t\t\t\t<\/div>\n\t\t\t\t<\/div>\n\t\t\t\t\t<\/div>\n\t\t\t\t<\/div>\n\t\t<div class=\"elementor-element elementor-element-4b730e4 e-flex e-con-boxed e-con e-parent\" data-id=\"4b730e4\" data-element_type=\"container\" data-e-type=\"container\">\n\t\t\t\t\t<div class=\"e-con-inner\">\n\t\t\t\t<div class=\"elementor-element elementor-element-626924a elementor-widget elementor-widget-shortcode\" data-id=\"626924a\" data-element_type=\"widget\" data-e-type=\"widget\" data-widget_type=\"shortcode.default\">\n\t\t\t\t<div class=\"elementor-widget-container\">\n\t\t\t\t\t\t\t<div class=\"elementor-shortcode\">\n<script>\n  if (typeof hasAmeliaAppointment === 'undefined') {\n    var hasAmeliaAppointment = true;\n  }\n  if (typeof hasAppointmentApiCall === 'undefined' && '' === '') {\n    var hasAppointmentApiCall = true;\n  }\n  var hasBookingShortcode = (typeof hasBookingShortcode === 'undefined') ? false : true;\n  var bookingEntitiesIds = (typeof bookingEntitiesIds === 'undefined') ? [] : bookingEntitiesIds;\n  bookingEntitiesIds.push(\n    {\n      'hasApiCall': (typeof hasAppointmentApiCall !== 'undefined') && hasAppointmentApiCall,\n      'trigger': '',\n      'show': '',\n      'counter': '0',\n      'category': '',\n      'service': '',\n      'employee': '',\n      'location': ''\n    }\n  );\n  var lazyBookingEntitiesIds = (typeof lazyBookingEntitiesIds === 'undefined') ? [] : lazyBookingEntitiesIds;\n  if (bookingEntitiesIds[bookingEntitiesIds.length - 1].trigger !== '') {\n    lazyBookingEntitiesIds.push(bookingEntitiesIds.pop());\n  }\n  if (typeof hasAppointmentApiCall !== 'undefined' && hasAppointmentApiCall) {\n    hasAppointmentApiCall = false;\n  }\n<\/script>\n\n<div id=\"amelia-app-booking0\" class=\"amelia-booking amelia-frontend amelia-app-booking\">\n  <booking id=\"amelia-step-booking0\"><\/booking>\n<\/div>\n<\/div>\n\t\t\t\t\t\t<\/div>\n\t\t\t\t<\/div>\n\t\t\t\t\t<\/div>\n\t\t\t\t<\/div>\n\t\t\t\t<\/div>\n\t\t","protected":false},"excerpt":{"rendered":"<p>Plateforme de r\u00e9servation Bienvenue sur notre plateforme de r\u00e9servation ! Information importante \u00e0 lire avant de r\u00e9server ! \ud83d\udd12 Le cr\u00e9neau est confirm\u00e9 uniquement apr\u00e8s paiement.Sans r\u00e8glement imm\u00e9diat, il reste disponible et peut \u00eatre r\u00e9serv\u00e9 par un autre parent. \ud83d\udcb3 Pour valider votre r\u00e9servation : R\u00e9servez le cr\u00e9neau Payez directement [&hellip;]<\/p>\n","protected":false},"author":1,"featured_media":0,"parent":0,"menu_order":0,"comment_status":"closed","ping_status":"closed","template":"","meta":{"_monsterinsights_skip_tracking":false,"_monsterinsights_sitenote_active":false,"_monsterinsights_sitenote_note":"","_monsterinsights_sitenote_category":0,"_uf_show_specific_survey":0,"_uf_disable_surveys":false,"footnotes":""},"class_list":["post-269","page","type-page","status-publish","hentry"],"aioseo_notices":[],"_links":{"self":[{"href":"https:\/\/lenvoldespossibles.com\/index.php\/wp-json\/wp\/v2\/pages\/269","targetHints":{"allow":["GET"]}}],"collection":[{"href":"https:\/\/lenvoldespossibles.com\/index.php\/wp-json\/wp\/v2\/pages"}],"about":[{"href":"https:\/\/lenvoldespossibles.com\/index.php\/wp-json\/wp\/v2\/types\/page"}],"author":[{"embeddable":true,"href":"https:\/\/lenvoldespossibles.com\/index.php\/wp-json\/wp\/v2\/users\/1"}],"replies":[{"embeddable":true,"href":"https:\/\/lenvoldespossibles.com\/index.php\/wp-json\/wp\/v2\/comments?post=269"}],"version-history":[{"count":37,"href":"https:\/\/lenvoldespossibles.com\/index.php\/wp-json\/wp\/v2\/pages\/269\/revisions"}],"predecessor-version":[{"id":1174,"href":"https:\/\/lenvoldespossibles.com\/index.php\/wp-json\/wp\/v2\/pages\/269\/revisions\/1174"}],"wp:attachment":[{"href":"https:\/\/lenvoldespossibles.com\/index.php\/wp-json\/wp\/v2\/media?parent=269"}],"curies":[{"name":"wp","href":"https:\/\/api.w.org\/{rel}","templated":true}]}}